What is the remainder when 3425722 is divided by 11305?
307
Calculate the remainder when 4006265 is divided by 24.
17
Calculate the remainder when 42914 is divided by 1067.
234
Calculate the remainder when 527714 is divided by 5141.
3332
What is the remainder when 2888567 is divided by 765?
692
Calculate the remainder when 27656 is divided by 415.
266
What is the remainder when 1353543 is divided by 1128?
1071
What is the remainder when 2471201 is divided by 144?
17
Calculate the remainder when 366067 is divided by 1237.
1152
Calculate the remainder when 1076908 is divided by 421.
411
What is the remainder when 1979833 is divided by 5840?
73
What is the remainder when 104416 is divided by 26076?
112
What is the remainder when 641552 is divided by 1066?
886
What is the remainder when 76331219 is divided by 34?
29
What is the remainder when 5071 is divided by 2555?
2516
What is the remainder when 329588 is divided by 20544?
884
What is the remainder when 35428991 is divided by 746?
705
Calculate the remainder when 4345406 is divided by 361.
49
What is the remainder when 343754 is divided by 1587?
962
Calculate the remainder when 1241867 is divided by 1520.
27
Calculate the remainder when 133662 is divided by 676.
490
What is the remainder when 141540 is divided by 971?
745
What is the remainder when 2100366 is divided by 4298?
2942
What is the remainder when 1534317 is divided by 3350?
17
What is the remainder when 8094279 is divided by 86?
45
Calculate the remainder when 438599744 is divided by 767.
765
What is the remainder when 31130378 is divided by 2?
0
What is the remainder when 34778 is divided by 9066?
7580
Calculate the remainder when 124421 is divided by 885.
521
What is the remainder when 131337991 is divided by 47?
16
Calculate the remainder when 24432 is divided by 12078.
276
What is the remainder when 1644954 is divided by 548296?
66
Calculate the remainder when 16313719 is divided by 195.
19
Calculate the remainder when 57377 is divided by 57353.
24
Calculate the remainder when 828810 is divided by 1923.
1920
Calculate the remainder when 21352768 is divided by 572.
8
What is the remainder when 317210 is divided by 80?
10
Calculate the remainder when 2391036 is divided by 11173.
14
Calculate the remainder when 1659921 is divided by 5443.
5249
Calculate the remainder when 288312 is divided by 95571.
1599
What is the remainder when 1243421 is divided by 180?
161
What is the remainder when 6241123 is divided by 75?
73
Calculate the remainder when 4411263 is divided by 19.
14
Calculate the remainder when 413417 is divided by 24310.
147
Calculate the remainder when 117732 is divided by 173.
92
Calculate the remainder when 172424954 is divided by 2971.
2969
Calculate the remainder when 794391 is divided by 44119.
249
Calculate the remainder when 442951 is divided by 88455.
676
Calculate the remainder when 548827 is divided by 137155.
207
What is the remainder when 534635891 is divided by 4886?
4885
What is the remainder when 1190281 is divided by 238022?
171
Calculate the remainder when 72015 is divided by 17648.
1423
What is the remainder when 6209402 is divided by 189?
185
Calculate the remainder when 115016 is divided by 19079.
542
Calculate the remainder when 1607043 is divided by 501.
336
Calculate the remainder when 26427147 is divided by 2622.
9
Calculate the remainder when 22179688 is divided by 78.
76
What is the remainder when 6467636 is divided by 20?
16
What is the remainder when 113896622 is divided by 6562?
6550
What is the remainder when 665664 is divided by 332701?
262
Calculate the remainder when 614011 is divided by 19805.
56
What is the remainder when 90209 is divided by 418?
339
What is the remainder when 503525 is divided by 89?
52
What is the remainder when 20554117 is divided by 29?
19
Calculate the remainder when 1282468 is divided by 3151.
11
What is the remainder when 95722654 is divided by 123?
118
What is the remainder when 2713 is divided by 831?
220
Calculate the remainder when 5472177 is divided by 202.
199
What is the remainder when 14704 is divided by 130?
14
What is the remainder when 1967463 is divided by 287?
78
What is the remainder when 811501 is divided by 805?
61
What is the remainder when 1521171 is divided by 39?
15
What is the remainder when 258041 is divided by 125371?
7299
Calculate the remainder when 70324450 is divided by 4626.
4624
What is the remainder when 166913 is divided by 8780?
93
What is the remainder when 229458 is divided by 10477?
9441
What is the remainder when 30087140 is divided by 1151?
0
Calculate the remainder when 361267 is divided by 15052.
19
Calculate the remainder when 47890373 is divided by 8.
5
What is the remainder when 285791 is divided by 439?
2
Calculate the remainder when 7844634 is divided by 8844.
6
Calculate the remainder when 82986 is divided by 77740.
5246
What is the remainder when 73948 is divided by 607?
501
Calculate the remainder when 15146042 is divided by 312.
2
Calculate the remainder when 34872 is divided by 17330.
212
Calculate the remainder when 991335 is divided by 1537.
1507
Calculate the remainder when 3948927 is divided by 435.
432
What is the remainder when 4620946 is divided by 1540312?
10
What is the remainder when 16505787 is divided by 1833973?
30
What is the remainder when 36589 is divided by 1992?
733
What is the remainder when 808386 is divided by 5733?
33
Calculate the remainder when 17324135 is divided by 74.
69
What is the remainder when 899070 is divided by 48?
30
Calculate the remainder when 1126862 is divided by 563425.
12
Calculate the remainder when 633217 is divided by 7720.
177
Calculate the remainder when 14370 is divided by 518.
384
What is the remainder when 45589 is divided by 100?
89
What is the remainder when 816186 is divided by 566?
14
Calculate the remainder when 9843287 is divided by 31348.
15
Calculate the remainder when 580490 is divided by 3023.
74
What is the remainder when 129586566 is divided by 4395?
4386
Calculate the remainder when 475762 is divided by 11581.
941
What is the remainder when 33073642 is divided by 41?
8
Calculate the remainder when 8861935 is divided by 2444.
2435
Calculate the remainder when 6279128 is divided by 1268.
1260
Calculate the remainder when 17602031 is divided by 8801006.
19
What is the remainder when 1742507 is divided by 90?
17
Calculate the remainder when 287379 is divided by 737.
686
Calculate the remainder when 652379 is divided by 217361.
296
What is the remainder when 187573 is divided by 2501?
2499
What is the remainder when 1150 is divided by 355?
85
What is the remainder when 4921250 is divided by 19923?
269
Calculate the remainder when 2263470 is divided by 1860.
1710
Calculate the remainder when 9601 is divided by 3.
1
What is the remainder when 14226476 is divided by 212?
4
Calculate the remainder when 2751914 is divided by 5.
4
What is the remainder when 50348 is divided by 4195?
8
Calculate the remainder when 159557010 is divided by 67.
61
Calculate the remainder when 2245559 is divided by 29939.
134
Calculate the remainder when 1086166 is divided by 237.
232
Calculate the remainder when 1176593 is divided by 1176584.
9
What is the remainder when 10764367 is divided by 951?
949
Calculate the remainder when 215579 is divided by 308.
287
Calculate the remainder when 4791807 is divided by 47918.
7
Calculate the remainder when 21351492 is divided by 7117150.
42
Calculate the remainder when 595480617 is divided by 791.
788
What is the remainder when 47364729 is divided by 593?
40
What is the remainder when 16248956 is divided by 2520?
2516
What is the remainder when 112561358 is divided by 1317?
2
What is the remainder when 1410148 is divided by 105?
103
What is the remainder when 5402034 is divided by 78290?
24
What is the remainder when 834383 is divided by 253?
242
Calculate the remainder when 6874976 is divided by 41.
14
Calculate the remainder when 6102506 is divided by 435889.
60
Calculate the remainder when 11583 is divided by 11424.
159
Calculate the remainder when 20714 is divided by 2024.
474
Calculate the remainder when 2111602 is divided by 66.
64
What is the remainder when 273894 is divided by 830?
824
Calculate the remainder when 1299468 is divided b